{"id":54,"date":"2016-01-10T23:55:29","date_gmt":"2016-01-10T22:55:29","guid":{"rendered":"http:\/\/www.stowarzyszeniedarserca.org.pl\/?page_id=54"},"modified":"2021-04-14T19:59:44","modified_gmt":"2021-04-14T17:59:44","slug":"wspolpraca","status":"publish","type":"page","link":"http:\/\/www.stowarzyszeniedarserca.org.pl\/index.php\/wspolpraca\/","title":{"rendered":"Wsp\u00f3\u0142praca"},"content":{"rendered":"<p><strong>Partnerzy<\/strong><\/p>\n<p>Urz\u0105d Miejski w D\u0105browie G\u00f3rniczej<\/p>\n<p>Szko\u0142a Podstawowa nr 20 w D\u0105browie G\u00f3rniczej<\/p>\n<p>Polska Akcja Humanitarna \u201ePajacyk\u201d<\/p>\n<p>\u015al\u0105ski Urz\u0105d Wojew\u00f3dzki w Katowicach<\/p>\n<p>Centrum Aktywno\u015bci Obywatelskiej w D\u0105browie G\u00f3rniczej<\/p>\n<p>Miejska Biblioteka Publiczna w D\u0105browie G\u00f3rniczej<\/p>\n<p>Pa\u0142ac Kultury Zag\u0142\u0119bia<\/p>\n<p>Centrum Sportu i Rekreacji w D\u0105browie G\u00f3rniczej<\/p>\n<p>Fundacja Wygrajmy Razem<\/p>\n<p>Towarzystwo Przyjaci\u00f3\u0142 Dzieci<\/p>\n<p>Szko\u0142a Podstawowa nr 11 w D\u0105browie G\u00f3rniczej<\/p>\n<p>Stowarzyszenie Ziemia i My- Centrum Edukacji Ekologicznej<\/p>\n<p>Szko\u0142a Podstawowa nr 7 w D\u0105browie G\u00f3rniczej<\/p>\n<p>Zesp\u00f3\u0142 Szkolno-Przedszkolny nr 7 w D\u0105browie G\u00f3rniczej<\/p>\n<p>Specjalny O\u015brodek Szkolno \u2013 Wychowawczy<br \/>\ndla Dzieci i M\u0142odzie\u017cy Niepe\u0142nosprawnej w D\u0105browie G\u00f3rniczej<\/p>\n<p>Poradnia Psychologiczno-Pedagogiczna w D\u0105browie G\u00f3rniczej<\/p>\n<p>Well Done Restauracja w D\u0105browie G\u00f3rniczej<\/p>\n<p>Stowarzyszenie Odkrywamy Talenty<\/p>\n","protected":false},"excerpt":{"rendered":"<p>Partnerzy Urz\u0105d Miejski w D\u0105browie G\u00f3rniczej Szko\u0142a Podstawowa nr 20 w D\u0105browie G\u00f3rniczej Polska Akcja Humanitarna \u201ePajacyk\u201d \u015al\u0105ski Urz\u0105d Wojew\u00f3dzki\u2026<\/p>\n","protected":false},"author":1,"featured_media":0,"parent":0,"menu_order":0,"comment_status":"closed","ping_status":"closed","template":"","meta":{"footnotes":""},"class_list":["post-54","page","type-page","status-publish","hentry"],"_links":{"self":[{"href":"http:\/\/www.stowarzyszeniedarserca.org.pl\/index.php\/wp-json\/wp\/v2\/pages\/54","targetHints":{"allow":["GET"]}}],"collection":[{"href":"http:\/\/www.stowarzyszeniedarserca.org.pl\/index.php\/wp-json\/wp\/v2\/pages"}],"about":[{"href":"http:\/\/www.stowarzyszeniedarserca.org.pl\/index.php\/wp-json\/wp\/v2\/types\/page"}],"author":[{"embeddable":true,"href":"http:\/\/www.stowarzyszeniedarserca.org.pl\/index.php\/wp-json\/wp\/v2\/users\/1"}],"replies":[{"embeddable":true,"href":"http:\/\/www.stowarzyszeniedarserca.org.pl\/index.php\/wp-json\/wp\/v2\/comments?post=54"}],"version-history":[{"count":3,"href":"http:\/\/www.stowarzyszeniedarserca.org.pl\/index.php\/wp-json\/wp\/v2\/pages\/54\/revisions"}],"predecessor-version":[{"id":2409,"href":"http:\/\/www.stowarzyszeniedarserca.org.pl\/index.php\/wp-json\/wp\/v2\/pages\/54\/revisions\/2409"}],"wp:attachment":[{"href":"http:\/\/www.stowarzyszeniedarserca.org.pl\/index.php\/wp-json\/wp\/v2\/media?parent=54"}],"curies":[{"name":"wp","href":"https:\/\/api.w.org\/{rel}","templated":true}]}}