{"id":1841,"date":"2020-05-05T20:08:38","date_gmt":"2020-05-05T18:08:38","guid":{"rendered":"http:\/\/www.stowarzyszeniedarserca.org.pl\/?page_id=1841"},"modified":"2020-05-05T20:08:41","modified_gmt":"2020-05-05T18:08:41","slug":"zbiorka-publiczna","status":"publish","type":"page","link":"http:\/\/www.stowarzyszeniedarserca.org.pl\/index.php\/zbiorka-publiczna\/","title":{"rendered":"ZBI\u00d3RKA PUBLICZNA"},"content":{"rendered":"\n<p>Zarz\u0105d&nbsp;&nbsp; Stowarzyszenia&nbsp; DAR SERCA&nbsp; zaprasza do udzia\u0142u w zbi\u00f3rce publicznej w okresie od 30.11.2019 r. do 30.08.2020 r.<\/p>\n\n\n\n<p>Zbi\u00f3rka publiczna&nbsp; zosta\u0142a zg\u0142oszona w Ministerstwie Administracji i Cyfryzacji i otrzyma\u0142a &nbsp;nr&nbsp;2019\/5613\/OR<\/p>\n\n\n\n<p>Zbi\u00f3rka b\u0119dzie prowadzona w formie:<\/p>\n\n\n\n<ul class=\"wp-block-list\"><li>zbi\u00f3rki do puszek.<\/li><\/ul>\n\n\n\n<p>Zebrane \u015brodki zostan\u0105 przeznaczone na realizacj\u0119 projektu Akademia Rozmaito\u015bci, w tym cykl wycieczek edukacyjnych, cykl zaj\u0119\u0107 rozwijaj\u0105cych zainteresowania i pasje dzieci, zakup pomocy dydaktycznych.<\/p>\n\n\n\n<p>Cel planowanej zbi\u00f3rki publicznej mie\u015bci si\u0119 wy\u0142\u0105cznie w zakresie nieodp\u0142atnej dzia\u0142alno\u015bci po\u017cytku publicznego w rozumieniu przepis\u00f3w&nbsp; &nbsp; &nbsp; &nbsp; o dzia\u0142alno\u015bci po\u017cytku publicznego i &nbsp;o wolontariacie.<\/p>\n\n\n\n<p>Najbli\u017csze spotkanie Pa\u0144stwa z&nbsp;nami&nbsp; i&nbsp;szansa na wsparcie naszych dzia\u0142a\u0144&nbsp; to&nbsp; 08.12.2019 r., podczas XIII edycji Akcji Charytatywnej<\/p>\n\n\n\n<p>\u201eGraj&nbsp;&nbsp; i Pomagaj\u201d<strong>,<\/strong>&nbsp;&nbsp;<strong>organizowanej&nbsp; przez Centrum Sportu i Rekreacji&nbsp; &nbsp; &nbsp; &nbsp; &nbsp;w D\u0105browie G\u00f3rniczej&nbsp;&nbsp; <\/strong>w Hali Widowiskowo \u2013 Sportowej \u201eCentrum\u201d przy Al. R\u00f3\u017c 3.<\/p>\n\n\n\n<p><strong>Serdecznie zapraszamy<\/strong><\/p>\n\n\n\n<p><strong>Zarz\u0105d Stowarzyszenia&nbsp; DAR SERCA<\/strong><\/p>\n","protected":false},"excerpt":{"rendered":"<p>Zarz\u0105d&nbsp;&nbsp; Stowarzyszenia&nbsp; DAR SERCA&nbsp; zaprasza do udzia\u0142u w zbi\u00f3rce publicznej w okresie od 30.11.2019 r. do 30.08.2020 r. Zbi\u00f3rka publiczna&nbsp;\u2026<\/p>\n","protected":false},"author":1,"featured_media":0,"parent":0,"menu_order":0,"comment_status":"closed","ping_status":"closed","template":"","meta":{"footnotes":""},"class_list":["post-1841","page","type-page","status-publish","hentry"],"_links":{"self":[{"href":"http:\/\/www.stowarzyszeniedarserca.org.pl\/index.php\/wp-json\/wp\/v2\/pages\/1841","targetHints":{"allow":["GET"]}}],"collection":[{"href":"http:\/\/www.stowarzyszeniedarserca.org.pl\/index.php\/wp-json\/wp\/v2\/pages"}],"about":[{"href":"http:\/\/www.stowarzyszeniedarserca.org.pl\/index.php\/wp-json\/wp\/v2\/types\/page"}],"author":[{"embeddable":true,"href":"http:\/\/www.stowarzyszeniedarserca.org.pl\/index.php\/wp-json\/wp\/v2\/users\/1"}],"replies":[{"embeddable":true,"href":"http:\/\/www.stowarzyszeniedarserca.org.pl\/index.php\/wp-json\/wp\/v2\/comments?post=1841"}],"version-history":[{"count":1,"href":"http:\/\/www.stowarzyszeniedarserca.org.pl\/index.php\/wp-json\/wp\/v2\/pages\/1841\/revisions"}],"predecessor-version":[{"id":1844,"href":"http:\/\/www.stowarzyszeniedarserca.org.pl\/index.php\/wp-json\/wp\/v2\/pages\/1841\/revisions\/1844"}],"wp:attachment":[{"href":"http:\/\/www.stowarzyszeniedarserca.org.pl\/index.php\/wp-json\/wp\/v2\/media?parent=1841"}],"curies":[{"name":"wp","href":"https:\/\/api.w.org\/{rel}","templated":true}]}}

ZBIÓRKA PUBLICZNA

<p>Zarząd&nbsp;&nbsp; Stowarzyszenia&nbsp; DAR SERCA&nbsp; zaprasza do udziału w zbiórce publicznej w okresie od 30.11.2019 r. do 30.08.2020 r.</p>



<p>Zbiórka publiczna&nbsp; została zgłoszona w Ministerstwie Administracji i Cyfryzacji i otrzymała &nbsp;nr&nbsp;2019/5613/OR</p>



<p>Zbiórka będzie prowadzona w formie:</p>



<ul class="wp-block-list"><li>zbiórki do puszek.</li></ul>



<p>Zebrane środki zostaną przeznaczone na realizację projektu Akademia Rozmaitości, w tym cykl wycieczek edukacyjnych, cykl zajęć rozwijających zainteresowania i pasje dzieci, zakup pomocy dydaktycznych.</p>



<p>Cel planowanej zbiórki publicznej mieści się wyłącznie w zakresie nieodpłatnej działalności pożytku publicznego w rozumieniu przepisów&nbsp; &nbsp; &nbsp; &nbsp; o działalności pożytku publicznego i &nbsp;o wolontariacie.</p>



<p>Najbliższe spotkanie Państwa z&nbsp;nami&nbsp; i&nbsp;szansa na wsparcie naszych działań&nbsp; to&nbsp; 08.12.2019 r., podczas XIII edycji Akcji Charytatywnej</p>



<p>„Graj&nbsp;&nbsp; i Pomagaj”<strong>,</strong>&nbsp;&nbsp;<strong>organizowanej&nbsp; przez Centrum Sportu i Rekreacji&nbsp; &nbsp; &nbsp; &nbsp; &nbsp;w Dąbrowie Górniczej&nbsp;&nbsp; </strong>w Hali Widowiskowo – Sportowej „Centrum” przy Al. Róż 3.</p>



<p><strong>Serdecznie zapraszamy</strong></p>



<p><strong>Zarząd Stowarzyszenia&nbsp; DAR SERCA</strong></p>

<p>Zarząd&nbsp;&nbsp; Stowarzyszenia&nbsp; DAR SERCA&nbsp; zaprasza do udziału w zbiórce publicznej w okresie od 30.11.2019 r. do 30.08.2020 r. Zbiórka publiczna&nbsp;…</p>
