{"id":1728,"date":"2020-03-30T20:10:21","date_gmt":"2020-03-30T18:10:21","guid":{"rendered":"http:\/\/www.stowarzyszeniedarserca.org.pl\/?page_id=1728"},"modified":"2020-04-20T22:20:26","modified_gmt":"2020-04-20T20:20:26","slug":"bajki-filmy","status":"publish","type":"page","link":"http:\/\/www.stowarzyszeniedarserca.org.pl\/index.php\/bajki-filmy\/","title":{"rendered":"BAJKI, FILMY"},"content":{"rendered":"\n<p>20.04.-24.04.2020<\/p>\n\n\n\n<p>Jak powstaje ksi\u0105\u017cka?<\/p>\n\n\n\n<figure class=\"wp-block-embed-youtube wp-block-embed is-type-video is-provider-youtube wp-embed-aspect-4-3 wp-has-aspect-ratio\"><div class=\"wp-block-embed__wrapper\">\n<iframe loading=\"lazy\" title=\"Jak powstaje ksi\u0105\u017cka ?\" width=\"640\" height=\"480\" src=\"https:\/\/www.youtube.com\/embed\/5dHmwZRQ0FI?feature=oembed\" frameborder=\"0\" allow=\"accelerometer; autoplay; clipboard-write; encrypted-media; gyroscope; picture-in-picture; web-share\" referrerpolicy=\"strict-origin-when-cross-origin\" allowfullscreen><\/iframe>\n<\/div><\/figure>\n\n\n\n<p>Ksi\u0105\u017cki, kto ksi\u0105\u017cki czyta!<\/p>\n\n\n\n<figure class=\"wp-block-embed-youtube wp-block-embed is-type-video is-provider-youtube wp-embed-aspect-16-9 wp-has-aspect-ratio\"><div class=\"wp-block-embed__wrapper\">\n<iframe loading=\"lazy\" title=\"&quot;Ksi\u0105\u017cki, kto ksi\u0105\u017cki czyta&quot; (piosenka na bazie muzycznej utworu &quot;Ba\u0142kanica&quot; zespo\u0142u PIERSI)\" width=\"640\" height=\"360\" src=\"https:\/\/www.youtube.com\/embed\/HH9yMctug4c?feature=oembed\" frameborder=\"0\" allow=\"accelerometer; autoplay; clipboard-write; encrypted-media; gyroscope; picture-in-picture; web-share\" referrerpolicy=\"strict-origin-when-cross-origin\" allowfullscreen><\/iframe>\n<\/div><\/figure>\n\n\n\n<p>Bajkowisko!<\/p>\n\n\n\n<figure class=\"wp-block-embed-youtube wp-block-embed is-type-video is-provider-youtube wp-embed-aspect-16-9 wp-has-aspect-ratio\"><div class=\"wp-block-embed__wrapper\">\n<iframe loading=\"lazy\" title=\"PRZYGODY CIEKAWSKIEJ JADZI I INNYCH DZIECIAK\u00d3W ca\u0142a bajka \u2013 Bajkowisko - bajki dla dzieci audiobook\" width=\"640\" height=\"360\" src=\"https:\/\/www.youtube.com\/embed\/gGZ7a47-rW4?feature=oembed\" frameborder=\"0\" allow=\"accelerometer; autoplay; clipboard-write; encrypted-media; gyroscope; picture-in-picture; web-share\" referrerpolicy=\"strict-origin-when-cross-origin\" allowfullscreen><\/iframe>\n<\/div><\/figure>\n\n\n\n<p>13.04.-17.04.2020r.<\/p>\n\n\n\n<p>Film &#8211; <a href=\"https:\/\/g.cda.pl\/mediafile\/y5uXE31ootY.mp4\">Kupili\u015bmy Zoo<\/a><\/p>\n\n\n\n<figure class=\"wp-block-embed-youtube wp-block-embed is-type-video is-provider-youtube wp-embed-aspect-16-9 wp-has-aspect-ratio\"><div class=\"wp-block-embed__wrapper\">\n<iframe loading=\"lazy\" title=\"Eko - Patrol (Segregacja \u015bmieci)\" width=\"640\" height=\"360\" src=\"https:\/\/www.youtube.com\/embed\/I-b0z5LqhKc?feature=oembed\" frameborder=\"0\" allow=\"accelerometer; autoplay; clipboard-write; encrypted-media; gyroscope; picture-in-picture; web-share\" referrerpolicy=\"strict-origin-when-cross-origin\" allowfullscreen><\/iframe>\n<\/div><\/figure>\n\n\n\n<figure class=\"wp-block-embed-youtube wp-block-embed is-type-video is-provider-youtube wp-embed-aspect-16-9 wp-has-aspect-ratio\"><div class=\"wp-block-embed__wrapper\">\n<iframe loading=\"lazy\" title=\"ZoZi - \u015awiat w naszych r\u0119kach (eko piosenka z p\u0142yty &quot;Wa\u017cne sprawy&quot;)\" width=\"640\" height=\"360\" src=\"https:\/\/www.youtube.com\/embed\/pRNtFXew_VE?feature=oembed\" frameborder=\"0\" allow=\"accelerometer; autoplay; clipboard-write; encrypted-media; gyroscope; picture-in-picture; web-share\" referrerpolicy=\"strict-origin-when-cross-origin\" allowfullscreen><\/iframe>\n<\/div><\/figure>\n\n\n\n<figure class=\"wp-block-embed-youtube wp-block-embed is-type-video is-provider-youtube wp-embed-aspect-16-9 wp-has-aspect-ratio\"><div class=\"wp-block-embed__wrapper\">\n<iframe loading=\"lazy\" title=\"KAKTUS I MA\u0141Y ODC. 6:&quot;Dlaczegonie ma zgody na marnowanie WODY?&quot;\" width=\"640\" height=\"360\" src=\"https:\/\/www.youtube.com\/embed\/ekNGEh4A3o8?feature=oembed\" frameborder=\"0\" allow=\"accelerometer; autoplay; clipboard-write; encrypted-media; gyroscope; picture-in-picture; web-share\" referrerpolicy=\"strict-origin-when-cross-origin\" allowfullscreen><\/iframe>\n<\/div><\/figure>\n\n\n\n<figure class=\"wp-block-embed-youtube wp-block-embed is-type-video is-provider-youtube wp-embed-aspect-16-9 wp-has-aspect-ratio\"><div class=\"wp-block-embed__wrapper\">\n<iframe loading=\"lazy\" title=\"Pi\u0119knie \u017cy\u0107 - Dorota Jarema (cover by Lena Czubala) #1090\" width=\"640\" height=\"360\" src=\"https:\/\/www.youtube.com\/embed\/xiPVW6hS858?feature=oembed\" frameborder=\"0\" allow=\"accelerometer; autoplay; clipboard-write; encrypted-media; gyroscope; picture-in-picture; web-share\" referrerpolicy=\"strict-origin-when-cross-origin\" allowfullscreen><\/iframe>\n<\/div><\/figure>\n\n\n\n<figure class=\"wp-block-embed-youtube wp-block-embed is-type-video is-provider-youtube wp-embed-aspect-16-9 wp-has-aspect-ratio\"><div class=\"wp-block-embed__wrapper\">\n<iframe loading=\"lazy\" title=\"W kontakcie z natur\u0105 - dla dzieci\" width=\"640\" height=\"360\" src=\"https:\/\/www.youtube.com\/embed\/zleExE18fqQ?feature=oembed\" frameborder=\"0\" allow=\"accelerometer; autoplay; clipboard-write; encrypted-media; gyroscope; picture-in-picture; web-share\" referrerpolicy=\"strict-origin-when-cross-origin\" allowfullscreen><\/iframe>\n<\/div><\/figure>\n\n\n\n<p>30.03.2020r. &#8211; 03.04.2020r.<\/p>\n\n\n\n<p><a href=\"https:\/\/www.youtube.com\/watch?v=vgOjaF_ZZgg&amp;fbclid=IwAR07Op3HOxJZ-xnflQtCenKITe9O1smkeTTeZZd81XgoFXeMcebJpbwHT-I\">Bajka o wirusie \/ Bajka o Koronawirusie #zosta\u0144wdomu<\/a><\/p>\n\n\n\n<p><\/p>\n\n\n\n<p>23.03.2020r. &#8211; 27.03.2020r.<\/p>\n\n\n\n<p><strong><a href=\"https:\/\/ninateka.pl\/film\/akademia-pana-kleksa-przygoda-ksiecia-mateusza-cz1?fbclid=IwAR3ZzoNh1rj2lO9D2FbE1qWccp4aZ0xK9XoTj0CQE8IlgisVCHCGwbv1Nb0\">Akademia Pana Kleksa | Przygoda Ksi\u0119cia Mateusza | cz.I <\/a><\/strong><\/p>\n\n\n\n<p><a href=\"https:\/\/l.facebook.com\/l.php?u=https%3A%2F%2Fwww.youtube.com%2Fwatch%3Fv%3DT3IAvvLLzhw%26fbclid%3DIwAR2GKjHV53GmUMRAILZjW2BkrHc2hrgUj7tFi0e9zPB78h8ydiBgPhJhlMY&amp;h=AT22fBQ1SHkF0IsAYDqQMt_2_7KNsMzPU7Gt2o09oSP_QhR6WWINqRnm3oBzmhBtnxO3sZqhxFtT-_KKP05OZQz0xEUSAzTLjF9DjdZkWeFzuFhpz39i-WNYrjyNe-EYLXLuRKb1BQ9509J8rudgF-4ebUuOvb9VaP_0rY-IbieEoAWtePfxAFfS2eGOEUbBU8VxdiX-KOIkKL-osT3-Xr8rTvXy3Vli5_qhIPN0AktXpFtSExwzbWEeXWd0FzEEJ3pemEMSoStt1vrIe5d2vkI33gPWtu0dwxXg2qSXdCG7qT-OhZxZn2iMCCz74_kph9mU7ohu-kC8i6WBdYIMnPbObCTNln8gnSzqo_14CN9TepGOgcjPRitShlI-ZD0FTSd6xfqyZEvZxEF2gDkbnmqMD4wPrLzDlKg0YSggUD9Z62w-ImtzVjCFxjWNFDgurDiLao16ItH3NZBGV4BOIcQkEaR3NORIql6Odq8-htvSM_U8m70FJKT1zn3gFyDL_5unB89pedn-kJGWVnwO7RjFzDsVHjU7pXJaRYUmIUyKeytp15APgg-TsxrGIjx4KVnAjk_f-f1btUmJq42GY405cHBs4bjcHJREOgXhMyp5jUYarwkOw5l_-iA_6PbCJD6MfrojQqEQ\">Wiosna w Dolinie Mumink\u00f3w<\/a> <\/p>\n","protected":false},"excerpt":{"rendered":"<p>20.04.-24.04.2020 Jak powstaje ksi\u0105\u017cka? Ksi\u0105\u017cki, kto ksi\u0105\u017cki czyta! Bajkowisko! 13.04.-17.04.2020r. Film &#8211; Kupili\u015bmy Zoo 30.03.2020r. &#8211; 03.04.2020r. Bajka o wirusie\u2026<\/p>\n","protected":false},"author":1,"featured_media":0,"parent":0,"menu_order":0,"comment_status":"closed","ping_status":"closed","template":"","meta":{"footnotes":""},"class_list":["post-1728","page","type-page","status-publish","hentry"],"_links":{"self":[{"href":"http:\/\/www.stowarzyszeniedarserca.org.pl\/index.php\/wp-json\/wp\/v2\/pages\/1728","targetHints":{"allow":["GET"]}}],"collection":[{"href":"http:\/\/www.stowarzyszeniedarserca.org.pl\/index.php\/wp-json\/wp\/v2\/pages"}],"about":[{"href":"http:\/\/www.stowarzyszeniedarserca.org.pl\/index.php\/wp-json\/wp\/v2\/types\/page"}],"author":[{"embeddable":true,"href":"http:\/\/www.stowarzyszeniedarserca.org.pl\/index.php\/wp-json\/wp\/v2\/users\/1"}],"replies":[{"embeddable":true,"href":"http:\/\/www.stowarzyszeniedarserca.org.pl\/index.php\/wp-json\/wp\/v2\/comments?post=1728"}],"version-history":[{"count":8,"href":"http:\/\/www.stowarzyszeniedarserca.org.pl\/index.php\/wp-json\/wp\/v2\/pages\/1728\/revisions"}],"predecessor-version":[{"id":1837,"href":"http:\/\/www.stowarzyszeniedarserca.org.pl\/index.php\/wp-json\/wp\/v2\/pages\/1728\/revisions\/1837"}],"wp:attachment":[{"href":"http:\/\/www.stowarzyszeniedarserca.org.pl\/index.php\/wp-json\/wp\/v2\/media?parent=1728"}],"curies":[{"name":"wp","href":"https:\/\/api.w.org\/{rel}","templated":true}]}}

<p>20.04.-24.04.2020</p>



<p>Jak powstaje książka?</p>



<figure class="wp-block-embed-youtube wp-block-embed is-type-video is-provider-youtube wp-embed-aspect-4-3 wp-has-aspect-ratio"><div class="wp-block-embed__wrapper">
<iframe loading="lazy" title="Jak powstaje książka ?" width="640" height="480" src="https://www.youtube.com/embed/5dHmwZRQ0FI?feature=oembed" frameborder="0" allow="accelerometer; autoplay; clipboard-write; encrypted-media; gyroscope; picture-in-picture; web-share" referrerpolicy="strict-origin-when-cross-origin" allowfullscreen></iframe>
</div></figure>



<p>Książki, kto książki czyta!</p>



<figure class="wp-block-embed-youtube wp-block-embed is-type-video is-provider-youtube wp-embed-aspect-16-9 wp-has-aspect-ratio"><div class="wp-block-embed__wrapper">
<iframe loading="lazy" title="&quot;Książki, kto książki czyta&quot; (piosenka na bazie muzycznej utworu &quot;Bałkanica&quot; zespołu PIERSI)" width="640" height="360" src="https://www.youtube.com/embed/HH9yMctug4c?feature=oembed" frameborder="0" allow="accelerometer; autoplay; clipboard-write; encrypted-media; gyroscope; picture-in-picture; web-share" referrerpolicy="strict-origin-when-cross-origin" allowfullscreen></iframe>
</div></figure>



<p>Bajkowisko!</p>



<figure class="wp-block-embed-youtube wp-block-embed is-type-video is-provider-youtube wp-embed-aspect-16-9 wp-has-aspect-ratio"><div class="wp-block-embed__wrapper">
<iframe loading="lazy" title="PRZYGODY CIEKAWSKIEJ JADZI I INNYCH DZIECIAKÓW cała bajka – Bajkowisko - bajki dla dzieci audiobook" width="640" height="360" src="https://www.youtube.com/embed/gGZ7a47-rW4?feature=oembed" frameborder="0" allow="accelerometer; autoplay; clipboard-write; encrypted-media; gyroscope; picture-in-picture; web-share" referrerpolicy="strict-origin-when-cross-origin" allowfullscreen></iframe>
</div></figure>



<p>13.04.-17.04.2020r.</p>



<p>Film &#8211; <a href="https://g.cda.pl/mediafile/y5uXE31ootY.mp4">Kupiliśmy Zoo</a></p>



<figure class="wp-block-embed-youtube wp-block-embed is-type-video is-provider-youtube wp-embed-aspect-16-9 wp-has-aspect-ratio"><div class="wp-block-embed__wrapper">
<iframe loading="lazy" title="Eko - Patrol (Segregacja śmieci)" width="640" height="360" src="https://www.youtube.com/embed/I-b0z5LqhKc?feature=oembed" frameborder="0" allow="accelerometer; autoplay; clipboard-write; encrypted-media; gyroscope; picture-in-picture; web-share" referrerpolicy="strict-origin-when-cross-origin" allowfullscreen></iframe>
</div></figure>



<figure class="wp-block-embed-youtube wp-block-embed is-type-video is-provider-youtube wp-embed-aspect-16-9 wp-has-aspect-ratio"><div class="wp-block-embed__wrapper">
<iframe loading="lazy" title="ZoZi - Świat w naszych rękach (eko piosenka z płyty &quot;Ważne sprawy&quot;)" width="640" height="360" src="https://www.youtube.com/embed/pRNtFXew_VE?feature=oembed" frameborder="0" allow="accelerometer; autoplay; clipboard-write; encrypted-media; gyroscope; picture-in-picture; web-share" referrerpolicy="strict-origin-when-cross-origin" allowfullscreen></iframe>
</div></figure>



<figure class="wp-block-embed-youtube wp-block-embed is-type-video is-provider-youtube wp-embed-aspect-16-9 wp-has-aspect-ratio"><div class="wp-block-embed__wrapper">
<iframe loading="lazy" title="KAKTUS I MAŁY ODC. 6:&quot;Dlaczegonie ma zgody na marnowanie WODY?&quot;" width="640" height="360" src="https://www.youtube.com/embed/ekNGEh4A3o8?feature=oembed" frameborder="0" allow="accelerometer; autoplay; clipboard-write; encrypted-media; gyroscope; picture-in-picture; web-share" referrerpolicy="strict-origin-when-cross-origin" allowfullscreen></iframe>
</div></figure>



<figure class="wp-block-embed-youtube wp-block-embed is-type-video is-provider-youtube wp-embed-aspect-16-9 wp-has-aspect-ratio"><div class="wp-block-embed__wrapper">
<iframe loading="lazy" title="Pięknie żyć - Dorota Jarema (cover by Lena Czubala) #1090" width="640" height="360" src="https://www.youtube.com/embed/xiPVW6hS858?feature=oembed" frameborder="0" allow="accelerometer; autoplay; clipboard-write; encrypted-media; gyroscope; picture-in-picture; web-share" referrerpolicy="strict-origin-when-cross-origin" allowfullscreen></iframe>
</div></figure>



<figure class="wp-block-embed-youtube wp-block-embed is-type-video is-provider-youtube wp-embed-aspect-16-9 wp-has-aspect-ratio"><div class="wp-block-embed__wrapper">
<iframe loading="lazy" title="W kontakcie z naturą - dla dzieci" width="640" height="360" src="https://www.youtube.com/embed/zleExE18fqQ?feature=oembed" frameborder="0" allow="accelerometer; autoplay; clipboard-write; encrypted-media; gyroscope; picture-in-picture; web-share" referrerpolicy="strict-origin-when-cross-origin" allowfullscreen></iframe>
</div></figure>



<p>30.03.2020r. &#8211; 03.04.2020r.</p>



<p><a href="https://www.youtube.com/watch?v=vgOjaF_ZZgg&amp;fbclid=IwAR07Op3HOxJZ-xnflQtCenKITe9O1smkeTTeZZd81XgoFXeMcebJpbwHT-I">Bajka o wirusie / Bajka o Koronawirusie #zostańwdomu</a></p>



<p></p>



<p>23.03.2020r. &#8211; 27.03.2020r.</p>



<p><strong><a href="https://ninateka.pl/film/akademia-pana-kleksa-przygoda-ksiecia-mateusza-cz1?fbclid=IwAR3ZzoNh1rj2lO9D2FbE1qWccp4aZ0xK9XoTj0CQE8IlgisVCHCGwbv1Nb0">Akademia Pana Kleksa | Przygoda Księcia Mateusza | cz.I </a></strong></p>



<p><a href="https://l.facebook.com/l.php?u=https%3A%2F%2Fwww.youtube.com%2Fwatch%3Fv%3DT3IAvvLLzhw%26fbclid%3DIwAR2GKjHV53GmUMRAILZjW2BkrHc2hrgUj7tFi0e9zPB78h8ydiBgPhJhlMY&amp;h=AT22fBQ1SHkF0IsAYDqQMt_2_7KNsMzPU7Gt2o09oSP_QhR6WWINqRnm3oBzmhBtnxO3sZqhxFtT-_KKP05OZQz0xEUSAzTLjF9DjdZkWeFzuFhpz39i-WNYrjyNe-EYLXLuRKb1BQ9509J8rudgF-4ebUuOvb9VaP_0rY-IbieEoAWtePfxAFfS2eGOEUbBU8VxdiX-KOIkKL-osT3-Xr8rTvXy3Vli5_qhIPN0AktXpFtSExwzbWEeXWd0FzEEJ3pemEMSoStt1vrIe5d2vkI33gPWtu0dwxXg2qSXdCG7qT-OhZxZn2iMCCz74_kph9mU7ohu-kC8i6WBdYIMnPbObCTNln8gnSzqo_14CN9TepGOgcjPRitShlI-ZD0FTSd6xfqyZEvZxEF2gDkbnmqMD4wPrLzDlKg0YSggUD9Z62w-ImtzVjCFxjWNFDgurDiLao16ItH3NZBGV4BOIcQkEaR3NORIql6Odq8-htvSM_U8m70FJKT1zn3gFyDL_5unB89pedn-kJGWVnwO7RjFzDsVHjU7pXJaRYUmIUyKeytp15APgg-TsxrGIjx4KVnAjk_f-f1btUmJq42GY405cHBs4bjcHJREOgXhMyp5jUYarwkOw5l_-iA_6PbCJD6MfrojQqEQ">Wiosna w Dolinie Muminków</a> </p>

<p>20.04.-24.04.2020 Jak powstaje książka? Książki, kto książki czyta! Bajkowisko! 13.04.-17.04.2020r. Film &#8211; Kupiliśmy Zoo 30.03.2020r. &#8211; 03.04.2020r. Bajka o wirusie…</p>
